{"id":554,"date":"2023-07-24T19:23:29","date_gmt":"2023-07-24T17:23:29","guid":{"rendered":"https:\/\/expoanimo.fr\/?page_id=554"},"modified":"2026-03-25T10:11:20","modified_gmt":"2026-03-25T09:11:20","slug":"notre-equipe","status":"publish","type":"page","link":"https:\/\/expoanimo.fr\/?page_id=554","title":{"rendered":"Notre \u00e9quipe"},"content":{"rendered":"\t\t<div data-elementor-type=\"wp-page\" data-elementor-id=\"554\" class=\"elementor elementor-554\">\n\t\t\t\t<div class=\"elementor-element elementor-element-db75b0d e-flex e-con-boxed e-con e-parent\" data-id=\"db75b0d\" data-element_type=\"container\" data-e-type=\"container\">\n\t\t\t\t\t<div class=\"e-con-inner\">\n\t\t\t\t<div class=\"elementor-element elementor-element-bef6dc2 elementor-widget elementor-widget-text-editor\" data-id=\"bef6dc2\" data-element_type=\"widget\" data-e-type=\"widget\" data-widget_type=\"text-editor.default\">\n\t\t\t\t<div class=\"elementor-widget-container\">\n\t\t\t\t\t\t\t\t\t<div class=\"wp-block-group alignfull ext editor:no-inserter has-background ext-my-0 ext-py-lg\">\n<h2 id=\"our-team\" class=\"wp-block-heading alignwide has-text-align-center has-ext-x-large-font-size ext-mt-0 ext-mb-base\">Notre \u00e9quipe<\/h2>\n\n<p><b>O<\/b>rganisant des \u00e9v\u00e9nements comme les Reptiliades, le plus grand salon terrariophile fran\u00e7ais, sous la marque\u00a0<strong>An\u00eem\u2019O, nous vous pr\u00e9sentons notre \u00e9quipe.\u00a0<\/strong><\/p>\n<p>Que vous soyez n\u00e9ophyte, initi\u00e9 ou exp\u00e9riment\u00e9,\u00a0<strong>An\u00eem\u2019O<\/strong>\u00a0vous propose de d\u00e9couvrir l\u2019univers de la terrariophilie au travers des expositions-ventes qu\u2019elle organise ou qu\u2019elle aide \u00e0 mettre en \u0153uvre, avec le concours d\u2019\u00e9leveurs passionn\u00e9s et disponibles, proposant un large choix d\u2019esp\u00e8ces et de sp\u00e9cimens, du plus commun au plus sp\u00e9cifique.\u00a0<\/p>\n<p>Vous y retrouverez tout ce dont vous aurez besoin pour appr\u00e9hender sereinement la venue de votre nouvel arrivant. Il est cependant important de souligner, que l\u2019acquisition d\u2019un animal, quel qu\u2019il soit, ne doit pas se faire lors d\u2019un achat impulsif. Il est n\u00e9cessaire d\u2019avoir les connaissances ad\u00e9quates, la notion des installations qu\u2019il faudra mettre en place tout au long de la croissance de votre prot\u00e9g\u00e9, ainsi que les co\u00fbts \u00e0 supporter, tant au niveau mat\u00e9riel que pour les soins et l\u2019alimentation.<\/p>\n<p>C\u2019est pourquoi, vous trouverez sur place du\u00a0<strong>mat\u00e9riel<\/strong>, des\u00a0<strong>animaux<\/strong>, de la\u00a0<strong>nourriture<\/strong>, mais surtout de\u00a0<strong>pr\u00e9cieux conseils<\/strong>, qui vous aiguilleront sur les contraintes et besoins inh\u00e9rents \u00e0 l\u2019esp\u00e8ce choisie, afin d\u2019\u00e9viter une d\u00e9sillusion ou des difficult\u00e9s ult\u00e9rieures.<\/p>\n<p>Les animaux pr\u00e9sents sur nos salons sont contr\u00f4l\u00e9s par un v\u00e9t\u00e9rinaire avant l\u2019ouverture au public, et ne sont mises \u00e0 la vente que des esp\u00e8ces que vous pourrez acqu\u00e9rir l\u00e9galement, sans obligation de d\u00e9tention d\u2019un certificat de capacit\u00e9.<\/p>\n<p>En tout \u00e9tat de cause, nos \u00e9v\u00e9nements sont \u00e9labor\u00e9s en respectant les textes de protection animale que sont la Convention de Washington (CITES), le R\u00e8glement CE n\u00b0 338\/97, l\u2019arr\u00eat\u00e9 du 15 mai 1986 (Arr\u00eat\u00e9 Guyane), l\u2019arr\u00eat\u00e9 du 21 novembre 1997 (Esp\u00e8ces class\u00e9es dangereuses), le Code de l\u2019Environnement ainsi que l\u2019arr\u00eat\u00e9 du 8 Octobre 2018 qui pr\u00e9cise quelles sont les esp\u00e8ces et quels sont les quotas de sp\u00e9cimens adultes \u00e0 respecter pour les particuliers.\u00a0<br \/>Soucieux de r\u00e9pondre \u00e0 une demande toujours croissante des professionnels et des visiteurs, souhaitant vous satisfaire, et que votre participation\/visite soit une r\u00e9ussite, notre \u00e9quipe compos\u00e9e de b\u00e9n\u00e9vole est \u00e0 votre disposition.<\/p>\n\n<p class=\"has-text-align-center ext-mt-0 ext-mb-base\">L&#8217;organisation d&#8217;un \u00e9v\u00e9nement n\u00e9cessite souvent de nombreux coups de main, alors, si toi aussi, tu souhaites faire partie de cette formidable aventure, contacte-nous !<\/p>\n\n<p class=\"has-text-align-center\">Devenir b\u00e9n\u00e9vole aux <strong>Reptiliades<\/strong>, c&#8217;est s&#8217;engager personnellement pendant un week-end afin de vivre une exp\u00e9rience unique, dans une ambiance de folie, en totale immersion dans l&#8217;univers fascinant des reptiles.<\/p>\n<\/div>\n<p><!-- \/wp:group --><\/p>\t\t\t\t\t\t\t\t<\/div>\n\t\t\t\t<\/div>\n\t\t\t\t\t<\/div>\n\t\t\t\t<\/div>\n\t\t<div class=\"elementor-element elementor-element-307f05ee e-flex e-con-boxed e-con e-parent\" data-id=\"307f05ee\" data-element_type=\"container\" data-e-type=\"container\" data-settings=\"{&quot;background_background&quot;:&quot;classic&quot;}\">\n\t\t\t\t\t<div class=\"e-con-inner\">\n\t\t<div class=\"elementor-element elementor-element-509686ce e-con-full e-flex e-con e-child\" data-id=\"509686ce\" data-element_type=\"container\" data-e-type=\"container\">\n\t\t<div class=\"elementor-element elementor-element-efc9ba5 e-con-full e-flex e-con e-child\" data-id=\"efc9ba5\" data-element_type=\"container\" data-e-type=\"container\">\n\t\t\t\t<div class=\"elementor-element elementor-element-51493000 elementor-widget elementor-widget-heading\" data-id=\"51493000\" data-element_type=\"widget\" data-e-type=\"widget\" data-widget_type=\"heading.default\">\n\t\t\t\t<div class=\"elementor-widget-container\">\n\t\t\t\t\t<h3 class=\"elementor-heading-title elementor-size-default\">Steeve<\/h3>\t\t\t\t<\/div>\n\t\t\t\t<\/div>\n\t\t\t\t<div class=\"elementor-element elementor-element-2c70634d elementor-position-top elementor-widget elementor-widget-image-box\" data-id=\"2c70634d\" data-element_type=\"widget\" data-e-type=\"widget\" data-widget_type=\"image-box.default\">\n\t\t\t\t<div class=\"elementor-widget-container\">\n\t\t\t\t\t<div class=\"elementor-image-box-wrapper\"><figure class=\"elementor-image-box-img\"><img decoding=\"async\" width=\"150\" height=\"150\" src=\"https:\/\/expoanimo.fr\/wp-content\/uploads\/2023\/07\/dscn0134-150x150.webp\" class=\"attachment-thumbnail size-thumbnail wp-image-564\" alt=\"\" \/><\/figure><div class=\"elementor-image-box-content\"><p class=\"elementor-image-box-description\"><b><span style=\"font-family: ABeeZee, sans-serif;font-size: 20px;font-style: normal;text-align: center\">Co-organisateur<\/span><\/b><\/p><\/div><\/div>\t\t\t\t<\/div>\n\t\t\t\t<\/div>\n\t\t\t\t<\/div>\n\t\t<div class=\"elementor-element elementor-element-78ae3e4c e-con-full e-flex e-con e-child\" data-id=\"78ae3e4c\" data-element_type=\"container\" data-e-type=\"container\">\n\t\t\t\t<div class=\"elementor-element elementor-element-552856d7 elementor-widget elementor-widget-heading\" data-id=\"552856d7\" data-element_type=\"widget\" data-e-type=\"widget\" data-widget_type=\"heading.default\">\n\t\t\t\t<div class=\"elementor-widget-container\">\n\t\t\t\t\t<h3 class=\"elementor-heading-title elementor-size-default\">Charlotte<\/h3>\t\t\t\t<\/div>\n\t\t\t\t<\/div>\n\t\t\t\t<div class=\"elementor-element elementor-element-6d74a89e elementor-position-top elementor-widget elementor-widget-image-box\" data-id=\"6d74a89e\" data-element_type=\"widget\" data-e-type=\"widget\" data-widget_type=\"image-box.default\">\n\t\t\t\t<div class=\"elementor-widget-container\">\n\t\t\t\t\t<div class=\"elementor-image-box-wrapper\"><figure class=\"elementor-image-box-img\"><img decoding=\"async\" width=\"150\" height=\"150\" src=\"https:\/\/expoanimo.fr\/wp-content\/uploads\/2023\/07\/F87021FC-6C32-4D2D-9854-22CA1061B492_1_105_c-150x150.jpeg\" class=\"attachment-thumbnail size-thumbnail wp-image-628\" alt=\"\" \/><\/figure><div class=\"elementor-image-box-content\"><p class=\"elementor-image-box-description\"><b><span style=\"font-family: ABeeZee, sans-serif;font-size: 20px;font-style: normal;text-align: center\">Co-organisatrice<\/span><\/b><\/p><\/div><\/div>\t\t\t\t<\/div>\n\t\t\t\t<\/div>\n\t\t\t\t<\/div>\n\t\t<div class=\"elementor-element elementor-element-1e22910e e-con-full e-flex e-con e-child\" data-id=\"1e22910e\" data-element_type=\"container\" data-e-type=\"container\">\n\t\t\t\t<div class=\"elementor-element elementor-element-3f91d02b elementor-widget elementor-widget-heading\" data-id=\"3f91d02b\" data-element_type=\"widget\" data-e-type=\"widget\" data-widget_type=\"heading.default\">\n\t\t\t\t<div class=\"elementor-widget-container\">\n\t\t\t\t\t<h3 class=\"elementor-heading-title elementor-size-default\">C\u00e9dric P.<\/h3>\t\t\t\t<\/div>\n\t\t\t\t<\/div>\n\t\t\t\t<div class=\"elementor-element elementor-element-60949d14 elementor-position-top elementor-widget elementor-widget-image-box\" data-id=\"60949d14\" data-element_type=\"widget\" data-e-type=\"widget\" data-widget_type=\"image-box.default\">\n\t\t\t\t<div class=\"elementor-widget-container\">\n\t\t\t\t\t<div class=\"elementor-image-box-wrapper\"><figure class=\"elementor-image-box-img\"><img decoding=\"async\" width=\"123\" height=\"123\" src=\"https:\/\/expoanimo.fr\/wp-content\/uploads\/2026\/03\/1600348624381.jpeg\" class=\"attachment-thumbnail size-thumbnail wp-image-1653\" alt=\"\" \/><\/figure><div class=\"elementor-image-box-content\"><p class=\"elementor-image-box-description\"><span style=\"font-family: ABeeZee, sans-serif;font-size: 20px;font-style: normal;font-weight: 300;text-align: center\">Responsable<br>l\u00e9gislation\/\u00e9thique<\/span><\/p><\/div><\/div>\t\t\t\t<\/div>\n\t\t\t\t<\/div>\n\t\t\t\t<\/div>\n\t\t\t\t<\/div>\n\t\t\t\t\t<\/div>\n\t\t\t\t<\/div>\n\t\t<div class=\"elementor-element elementor-element-37d9bbed e-flex e-con-boxed e-con e-parent\" data-id=\"37d9bbed\" data-element_type=\"container\" data-e-type=\"container\" data-settings=\"{&quot;background_background&quot;:&quot;classic&quot;}\">\n\t\t\t\t\t<div class=\"e-con-inner\">\n\t\t<div class=\"elementor-element elementor-element-737615ef e-con-full e-flex e-con e-child\" data-id=\"737615ef\" data-element_type=\"container\" data-e-type=\"container\">\n\t\t<div class=\"elementor-element elementor-element-7d3ee3b5 e-con-full e-flex e-con e-child\" data-id=\"7d3ee3b5\" data-element_type=\"container\" data-e-type=\"container\">\n\t\t\t\t<div class=\"elementor-element elementor-element-5783e199 elementor-widget elementor-widget-heading\" data-id=\"5783e199\" data-element_type=\"widget\" data-e-type=\"widget\" data-widget_type=\"heading.default\">\n\t\t\t\t<div class=\"elementor-widget-container\">\n\t\t\t\t\t<h3 class=\"elementor-heading-title elementor-size-default\">Jean-Phi. <\/h3>\t\t\t\t<\/div>\n\t\t\t\t<\/div>\n\t\t\t\t<div class=\"elementor-element elementor-element-46aa82ef elementor-position-top elementor-widget elementor-widget-image-box\" data-id=\"46aa82ef\" data-element_type=\"widget\" data-e-type=\"widget\" data-widget_type=\"image-box.default\">\n\t\t\t\t<div class=\"elementor-widget-container\">\n\t\t\t\t\t<div class=\"elementor-image-box-wrapper\"><figure class=\"elementor-image-box-img\"><img decoding=\"async\" src=\"https:\/\/expoanimo.fr\/wp-content\/uploads\/2026\/03\/boxking_about_img_11.jpg\" title=\"\" alt=\"\" loading=\"lazy\" \/><\/figure><div class=\"elementor-image-box-content\"><p class=\"elementor-image-box-description\"><span style=\"font-family: ABeeZee, sans-serif;font-size: 20px;font-style: normal;font-weight: 300;text-align: center\">Co-ordinateur <br>g\u00e9n\u00e9ral<\/span><\/p><\/div><\/div>\t\t\t\t<\/div>\n\t\t\t\t<\/div>\n\t\t\t\t<\/div>\n\t\t<div class=\"elementor-element elementor-element-7a6b7e21 e-con-full e-flex e-con e-child\" data-id=\"7a6b7e21\" data-element_type=\"container\" data-e-type=\"container\">\n\t\t\t\t<div class=\"elementor-element elementor-element-18d5a8cc elementor-widget elementor-widget-heading\" data-id=\"18d5a8cc\" data-element_type=\"widget\" data-e-type=\"widget\" data-widget_type=\"heading.default\">\n\t\t\t\t<div class=\"elementor-widget-container\">\n\t\t\t\t\t<h3 class=\"elementor-heading-title elementor-size-default\">C\u00e9dric B.<\/h3>\t\t\t\t<\/div>\n\t\t\t\t<\/div>\n\t\t\t\t<div class=\"elementor-element elementor-element-ce77c81 elementor-position-top elementor-widget elementor-widget-image-box\" data-id=\"ce77c81\" data-element_type=\"widget\" data-e-type=\"widget\" data-widget_type=\"image-box.default\">\n\t\t\t\t<div class=\"elementor-widget-container\">\n\t\t\t\t\t<div class=\"elementor-image-box-wrapper\"><figure class=\"elementor-image-box-img\"><img loading=\"lazy\" decoding=\"async\" width=\"150\" height=\"150\" src=\"https:\/\/expoanimo.fr\/wp-content\/uploads\/2023\/07\/IMG_7091-150x150.jpg\" class=\"attachment-thumbnail size-thumbnail wp-image-627\" alt=\"\" \/><\/figure><div class=\"elementor-image-box-content\"><p class=\"elementor-image-box-description\"><span style=\"font-family: ABeeZee, sans-serif;font-size: 20px;font-style: normal;font-weight: 300;text-align: center\">Responsable logistique\/technique<\/p><\/div><\/div>\t\t\t\t<\/div>\n\t\t\t\t<\/div>\n\t\t\t\t<\/div>\n\t\t<div class=\"elementor-element elementor-element-2b4e92e e-con-full e-flex e-con e-child\" data-id=\"2b4e92e\" data-element_type=\"container\" data-e-type=\"container\">\n\t\t\t\t<div class=\"elementor-element elementor-element-2168ed54 elementor-widget elementor-widget-heading\" data-id=\"2168ed54\" data-element_type=\"widget\" data-e-type=\"widget\" data-widget_type=\"heading.default\">\n\t\t\t\t<div class=\"elementor-widget-container\">\n\t\t\t\t\t<h3 class=\"elementor-heading-title elementor-size-default\">Max<\/h3>\t\t\t\t<\/div>\n\t\t\t\t<\/div>\n\t\t\t\t<div class=\"elementor-element elementor-element-e268745 elementor-position-top elementor-widget elementor-widget-image-box\" data-id=\"e268745\" data-element_type=\"widget\" data-e-type=\"widget\" data-widget_type=\"image-box.default\">\n\t\t\t\t<div class=\"elementor-widget-container\">\n\t\t\t\t\t<div class=\"elementor-image-box-wrapper\"><figure class=\"elementor-image-box-img\"><img loading=\"lazy\" decoding=\"async\" width=\"150\" height=\"150\" src=\"https:\/\/expoanimo.fr\/wp-content\/uploads\/2025\/09\/472747596_10231867784751749_8468062810047953176_n-150x150.jpg\" class=\"attachment-thumbnail size-thumbnail wp-image-1411\" alt=\"\" srcset=\"https:\/\/expoanimo.fr\/wp-content\/uploads\/2025\/09\/472747596_10231867784751749_8468062810047953176_n-150x150.jpg 150w, https:\/\/expoanimo.fr\/wp-content\/uploads\/2025\/09\/472747596_10231867784751749_8468062810047953176_n-300x300.jpg 300w, https:\/\/expoanimo.fr\/wp-content\/uploads\/2025\/09\/472747596_10231867784751749_8468062810047953176_n.jpg 750w\" sizes=\"(max-width: 150px) 100vw, 150px\" \/><\/figure><div class=\"elementor-image-box-content\"><p class=\"elementor-image-box-description\"><span style=\"font-family: ABeeZee, sans-serif;font-size: 20px;font-style: normal;font-weight: 300;text-align: center\">Responsable de <br>l'Oasis, buvette<\/span><\/p><\/div><\/div>\t\t\t\t<\/div>\n\t\t\t\t<\/div>\n\t\t\t\t<\/div>\n\t\t\t\t<\/div>\n\t\t\t\t\t<\/div>\n\t\t\t\t<\/div>\n\t\t\t\t<\/div>\n\t\t","protected":false},"excerpt":{"rendered":"<p>Notre \u00e9quipe Organisant des \u00e9v\u00e9nements comme les Reptiliades, le plus &hellip;<\/p>\n","protected":false},"author":1,"featured_media":519,"parent":0,"menu_order":3,"comment_status":"closed","ping_status":"closed","template":"","meta":{"om_disable_all_campaigns":false,"_monsterinsights_skip_tracking":false,"_monsterinsights_sitenote_active":false,"_monsterinsights_sitenote_note":"","_monsterinsights_sitenote_category":0,"_uf_show_specific_survey":0,"_uf_disable_surveys":false,"footnotes":""},"class_list":["post-554","page","type-page","status-publish","has-post-thumbnail","hentry"],"aioseo_notices":[],"_links":{"self":[{"href":"https:\/\/expoanimo.fr\/index.php?rest_route=\/wp\/v2\/pages\/554","targetHints":{"allow":["GET"]}}],"collection":[{"href":"https:\/\/expoanimo.fr\/index.php?rest_route=\/wp\/v2\/pages"}],"about":[{"href":"https:\/\/expoanimo.fr\/index.php?rest_route=\/wp\/v2\/types\/page"}],"author":[{"embeddable":true,"href":"https:\/\/expoanimo.fr\/index.php?rest_route=\/wp\/v2\/users\/1"}],"replies":[{"embeddable":true,"href":"https:\/\/expoanimo.fr\/index.php?rest_route=%2Fwp%2Fv2%2Fcomments&post=554"}],"version-history":[{"count":65,"href":"https:\/\/expoanimo.fr\/index.php?rest_route=\/wp\/v2\/pages\/554\/revisions"}],"predecessor-version":[{"id":1682,"href":"https:\/\/expoanimo.fr\/index.php?rest_route=\/wp\/v2\/pages\/554\/revisions\/1682"}],"wp:featuredmedia":[{"embeddable":true,"href":"https:\/\/expoanimo.fr\/index.php?rest_route=\/wp\/v2\/media\/519"}],"wp:attachment":[{"href":"https:\/\/expoanimo.fr\/index.php?rest_route=%2Fwp%2Fv2%2Fmedia&parent=554"}],"curies":[{"name":"wp","href":"https:\/\/api.w.org\/{rel}","templated":true}]}}