{"id":361,"date":"2022-08-16T18:41:35","date_gmt":"2022-08-16T16:41:35","guid":{"rendered":"https:\/\/expoanimo.fr\/?page_id=361"},"modified":"2026-03-05T12:31:59","modified_gmt":"2026-03-05T11:31:59","slug":"devenez-sponsor-partenaire","status":"publish","type":"page","link":"https:\/\/expoanimo.fr\/?page_id=361","title":{"rendered":"Devenez sponsor \/ partenaire !"},"content":{"rendered":"\t\t<div data-elementor-type=\"wp-page\" data-elementor-id=\"361\" class=\"elementor elementor-361\">\n\t\t\t\t\t\t<section class=\"elementor-section elementor-top-section elementor-element elementor-element-400931d0 elementor-section-boxed elementor-section-height-default elementor-section-height-default\" data-id=\"400931d0\" data-element_type=\"section\" data-e-type=\"section\">\n\t\t\t\t\t\t<div class=\"elementor-container elementor-column-gap-default\">\n\t\t\t\t\t<div class=\"elementor-column elementor-col-100 elementor-top-column elementor-element elementor-element-d71daab\" data-id=\"d71daab\" data-element_type=\"column\" data-e-type=\"column\">\n\t\t\t<div class=\"elementor-widget-wrap elementor-element-populated\">\n\t\t\t\t\t\t<div class=\"elementor-element elementor-element-2a5e01e elementor-widget elementor-widget-text-editor\" data-id=\"2a5e01e\" data-element_type=\"widget\" data-e-type=\"widget\" data-widget_type=\"text-editor.default\">\n\t\t\t\t<div class=\"elementor-widget-container\">\n\t\t\t\t\t\t\t\t\t<p style=\"box-sizing: inherit; font-style: normal; font-variant-ligatures: normal; font-variant-caps: normal; font-weight: 400; font-size: 20px; font-family: Montserrat; text-indent: 0px; color: #2d3142;\"><strong style=\"box-sizing: inherit;\">Associez votre image au salon \u201cLes Reptiliades\u201d en devenant\u00a0partenaire du plus grand salon terrariophile fran\u00e7ais.<\/strong><\/p>\n<p style=\"box-sizing: inherit; font-style: normal; font-variant-ligatures: normal; font-variant-caps: normal; font-weight: 400; font-size: 20px; font-family: Montserrat; text-indent: 0px; color: #2d3142;\">Fascinante pour certains, d\u00e9rangeante pour d\u2019autres, la th\u00e9matique des reptiles ne cesse d\u2019intriguer. Ce salon, fortement attendu par la communaut\u00e9 terrariophile, est sans nul doute une belle id\u00e9e d\u2019\u00e9vasion. Sur un week-end, il refl\u00e8te tous les maillons d\u2019un salon animalier, rassemblant en un seul lieu distributeurs, \u00e9leveurs professionnels ou amateurs, associations et consommateurs.<\/p>\n<p style=\"box-sizing: inherit; font-style: normal; font-variant-ligatures: normal; font-variant-caps: normal; font-weight: 400; font-size: 20px; font-family: Montserrat; text-indent: 0px; color: #2d3142;\">Pourquoi sponsoriser ?<\/p>\n<ul style=\"font-style: normal; font-variant-ligatures: normal; font-variant-caps: normal; font-weight: 400; font-size: 20px; font-family: Montserrat; color: #2d3142;\">\n<li style=\"box-sizing: inherit;\">Plus de 11 000 visiteurs durant 2 jours<\/li>\n<li>Pr\u00e8s de 200 exposants\u00a0<\/li>\n<li>6 000 m2 d&#8217;exposition<\/li>\n<li style=\"box-sizing: inherit;\">Couverture\u00a0<strong style=\"box-sizing: inherit;\">m\u00e9diatique<\/strong>\u00a0(presse locale, r\u00e9gionale, nationale et radio) et\u00a0<strong style=\"box-sizing: inherit;\">d\u2019influence<\/strong>\u00a0<\/li>\n<li style=\"box-sizing: inherit;\">Partagez nos\u00a0<strong style=\"box-sizing: inherit;\">valeurs<\/strong>\u00a0telles que la convivialit\u00e9, la d\u00e9couverte, l\u2019engagement, le respect du monde vivant\u2026<\/li>\n<li style=\"box-sizing: inherit;\"><strong style=\"box-sizing: inherit;\">Faites des Reptiliades votre propre \u00e9v\u00e8nement de Relations Publiques !<\/strong>\u00a0Comptez parmi ceux qui auront permis la mise en avant de cet univers fascinant, en invitant vos clients, partenaires ou collaborateurs \u00e0 ce bel \u00e9v\u00e9nement<\/li>\n<li style=\"box-sizing: inherit;\"><strong style=\"box-sizing: inherit;\">Augmentation<\/strong>\u00a0de la notori\u00e9t\u00e9 de votre marque aupr\u00e8s de la\u00a0<strong style=\"box-sizing: inherit;\">fili\u00e8re<\/strong><\/li>\n<li style=\"box-sizing: inherit;\">Visibilit\u00e9\u00a0<strong style=\"box-sizing: inherit;\">internationale<\/strong><\/li>\n<li style=\"box-sizing: inherit;\">Visibilit\u00e9 en ligne avec de la\u00a0<strong style=\"box-sizing: inherit;\">communication digitale<\/strong><\/li>\n<li style=\"box-sizing: inherit;\">Rencontrez, surprenez, touchez autrement une\u00a0<strong style=\"box-sizing: inherit;\">cible de plus de 11 000 personnes<\/strong>\u00a0sur deux jours : Stand, PLV\u2026<\/li>\n<\/ul>\n<p style=\"box-sizing: inherit; font-style: normal; font-variant-ligatures: normal; font-variant-caps: normal; font-weight: 400; font-size: 20px; font-family: Montserrat; text-indent: 0px; color: #2d3142;\">Pour d\u00e9couvrir nos\u00a0<strong style=\"box-sizing: inherit;\">formules<\/strong>, contactez-nous : charlotte@expoanimo.fr ou au 06 88 94 77 50<\/p>\n<p><!-- \/wp:paragraph --><!-- wp:paragraph --><!-- \/wp:paragraph --><!-- wp:paragraph --><!-- \/wp:paragraph --><\/p>\t\t\t\t\t\t\t\t<\/div>\n\t\t\t\t<\/div>\n\t\t\t\t\t<\/div>\n\t\t<\/div>\n\t\t\t\t\t<\/div>\n\t\t<\/section>\n\t\t\t\t<\/div>\n\t\t","protected":false},"excerpt":{"rendered":"<p>Associez votre image au salon \u201cLes Reptiliades\u201d en devenant\u00a0partenaire du &hellip;<\/p>\n","protected":false},"author":1,"featured_media":368,"parent":0,"menu_order":5,"comment_status":"closed","ping_status":"closed","template":"","meta":{"om_disable_all_campaigns":false,"_monsterinsights_skip_tracking":false,"_monsterinsights_sitenote_active":false,"_monsterinsights_sitenote_note":"","_monsterinsights_sitenote_category":0,"_uf_show_specific_survey":0,"_uf_disable_surveys":false,"footnotes":""},"class_list":["post-361","page","type-page","status-publish","has-post-thumbnail","hentry"],"aioseo_notices":[],"_links":{"self":[{"href":"https:\/\/expoanimo.fr\/index.php?rest_route=\/wp\/v2\/pages\/361","targetHints":{"allow":["GET"]}}],"collection":[{"href":"https:\/\/expoanimo.fr\/index.php?rest_route=\/wp\/v2\/pages"}],"about":[{"href":"https:\/\/expoanimo.fr\/index.php?rest_route=\/wp\/v2\/types\/page"}],"author":[{"embeddable":true,"href":"https:\/\/expoanimo.fr\/index.php?rest_route=\/wp\/v2\/users\/1"}],"replies":[{"embeddable":true,"href":"https:\/\/expoanimo.fr\/index.php?rest_route=%2Fwp%2Fv2%2Fcomments&post=361"}],"version-history":[{"count":19,"href":"https:\/\/expoanimo.fr\/index.php?rest_route=\/wp\/v2\/pages\/361\/revisions"}],"predecessor-version":[{"id":1646,"href":"https:\/\/expoanimo.fr\/index.php?rest_route=\/wp\/v2\/pages\/361\/revisions\/1646"}],"wp:featuredmedia":[{"embeddable":true,"href":"https:\/\/expoanimo.fr\/index.php?rest_route=\/wp\/v2\/media\/368"}],"wp:attachment":[{"href":"https:\/\/expoanimo.fr\/index.php?rest_route=%2Fwp%2Fv2%2Fmedia&parent=361"}],"curies":[{"name":"wp","href":"https:\/\/api.w.org\/{rel}","templated":true}]}}